{"id":954,"date":"2019-01-05T19:06:40","date_gmt":"2019-01-05T18:06:40","guid":{"rendered":"http:\/\/www.tmg-musin.de\/?page_id=954"},"modified":"2019-01-05T19:06:40","modified_gmt":"2019-01-05T18:06:40","slug":"spanisch-als-3-fremdsprache","status":"publish","type":"page","link":"https:\/\/tmg.m-bildung.de\/?page_id=954","title":{"rendered":"Spanisch als 3. Fremdsprache"},"content":{"rendered":"\n<p>Am St\u00e4dtischen Thomas-Mann-Gymnasium k\u00f6nnen bis zu drei Fremdsprachen erlernt werden. Seit dem Schuljahr 2009\/2010 ist es nun auch m\u00f6glich, Spanisch als Dritte Fremdsprache zu w\u00e4hlen. Die Sch\u00fcler haben hier die Wahl zwischen der Sprachenfolge Englisch-Franz\u00f6sisch-Spanisch oder Englisch-Latein-Spanisch. Somit bereitet das Thomas-Mann-Gymnasium die Sch\u00fcler auf die hohen Anforderungen in Europa vor: Gem\u00e4\u00df einem Beschluss der Europ\u00e4ischen Gemeinschaft sollen Schulabg\u00e4nger der Sekundarstufe in ganz Europa Kenntnisse in mindestens zwei europ\u00e4ischen Sprachen nachweisen k\u00f6nnen.<\/p>\n\n\n\n<h3 class=\"wp-block-heading\">Spanisch \u2013 eine Sprache mit Vergangenheit und Zukunft!<\/h3>\n\n\n\n<p>Die Begeisterung f\u00fcr die spanische Kultur nimmt immer weiter zu. Egal, ob es um Musik, Tanz, Kulinarisches, Literatur oder Filme geht, Spanisch liegt im Trend. Seit etwa 20 Jahren erlebt die Spanische Sprache einen regelrechten Boom.<br>Entsprechend hoch ist die Motivation der Sch\u00fcler im Anfangsunterricht Spanisch. Allerdings hei\u00dft es auch hier am Ball bleiben und lernen. Sehr zu empfehlen sind Aufenthalte, zum Beispiel w\u00e4hrend der Ferien, in Spanien oder Lateinamerika. Aber auch in M\u00fcnchen gibt es die M\u00f6glichkeit, mit spanischsprachigen Muttersprachlern zu sprechen und zu \u00fcben, zum Beispiel in einem Tandemaustausch. Au\u00dferdem erreichen uns immer wieder Anfragen spanischer oder lateinischer Gastsch\u00fcler, die nach deutschen Austauschpartnern suchen.<br><\/p>\n\n\n\n<p>Die Sch\u00fcler haben pro Woche 4 Stunden Spanischunterricht plus einer Stunde Intensivierung bei Bedarf. Dem entsprechend werden pro Jahr 4 Schulaufgaben geschrieben. In den ersten drei Lernjahren wird mit den Schulb\u00fcchern Encuentros 1 bis 3 gearbeitet. Dann wird die Arbeit mit dem Schulbuch zunehmend durch spanischsprachige Lekt\u00fcre und Filmmaterial erg\u00e4nzt.<br>Dar\u00fcber hinaus werden Seminare zu verschiedenen Themen angeboten. Au\u00dferdem wird der Unterricht auch au\u00dferhalb der Schule in Form von Exkursionen, zum Beispiel ins Instituto Cervantes, die Pinakotheken etc. erweitert.<br>Am Thomas-Mann-Gymnasium kann Spanisch auch als Abiturfach gew\u00e4hlt werden, wobei hier entweder eine kombinierte (m\u00fcndlich und schriftlich) Pr\u00fcfung oder ein Colloquium abgelegt werden kann.<br>Bei Interesse kann auch eine Abiturfahrt nach Spanien organisiert werden.<br>Desweiteren plant die Fachschaft den Aufbau eines Sch\u00fcleraustausches und<br>Studienfahrten.<\/p>\n","protected":false},"excerpt":{"rendered":"<p>Am St\u00e4dtischen Thomas-Mann-Gymnasium k\u00f6nnen bis zu drei Fremdsprachen erlernt werden. Seit dem Schuljahr 2009\/2010 ist es nun auch m\u00f6glich, Spanisch als Dritte Fremdsprache zu w\u00e4hlen. Die Sch\u00fcler haben hier die Wahl zwischen der Sprachenfolge Englisch-Franz\u00f6sisch-Spanisch oder Englisch-Latein-Spanisch. Somit bereitet das &hellip; <a href=\"https:\/\/tmg.m-bildung.de\/?page_id=954\">Weiterlesen <span class=\"meta-nav\">&rarr;<\/span><\/a><\/p>\n","protected":false},"author":1,"featured_media":0,"parent":0,"menu_order":0,"comment_status":"closed","ping_status":"closed","template":"sidebar-page.php","meta":{"footnotes":""},"class_list":["post-954","page","type-page","status-publish","hentry"],"_links":{"self":[{"href":"https:\/\/tmg.m-bildung.de\/index.php?rest_route=\/wp\/v2\/pages\/954","targetHints":{"allow":["GET"]}}],"collection":[{"href":"https:\/\/tmg.m-bildung.de\/index.php?rest_route=\/wp\/v2\/pages"}],"about":[{"href":"https:\/\/tmg.m-bildung.de\/index.php?rest_route=\/wp\/v2\/types\/page"}],"author":[{"embeddable":true,"href":"https:\/\/tmg.m-bildung.de\/index.php?rest_route=\/wp\/v2\/users\/1"}],"replies":[{"embeddable":true,"href":"https:\/\/tmg.m-bildung.de\/index.php?rest_route=%2Fwp%2Fv2%2Fcomments&post=954"}],"version-history":[{"count":0,"href":"https:\/\/tmg.m-bildung.de\/index.php?rest_route=\/wp\/v2\/pages\/954\/revisions"}],"wp:attachment":[{"href":"https:\/\/tmg.m-bildung.de\/index.php?rest_route=%2Fwp%2Fv2%2Fmedia&parent=954"}],"curies":[{"name":"wp","href":"https:\/\/api.w.org\/{rel}","templated":true}]}}