{"id":799,"date":"2019-01-05T16:19:35","date_gmt":"2019-01-05T15:19:35","guid":{"rendered":"http:\/\/www.tmg-musin.de\/?page_id=799"},"modified":"2019-01-05T16:19:35","modified_gmt":"2019-01-05T15:19:35","slug":"informatik","status":"publish","type":"page","link":"https:\/\/tmg.m-bildung.de\/?page_id=799","title":{"rendered":"Informatik"},"content":{"rendered":"\n<h3 class=\"wp-block-heading\">Beitrag des Faches Informatik zur Pers\u00f6nlichkeitsbildung:<\/h3>\n\n\n\n<ul class=\"wp-block-list\"><li>Erlernen des Umgangs mit Informationen<\/li><li>Kennenlernen von Ordnungsprinzipien, die zur Orientierung in einer komplexen vernetzten Welt beitragen<\/li><li>F\u00f6rderung der Abstraktionsf\u00e4higkeit und des schnellen Erfassens logischer Zusammenh\u00e4nge<\/li><li>F\u00f6rderung des Urteilsverm\u00f6gens<br>jedes Modell stellt die Realit\u00e4t nur vereinfacht dar, muss also kritisch beurteilt werden<\/li><li>F\u00f6rderung von Teamarbeit und sozialen Kompetenzen<\/li><\/ul>\n\n\n\n<h3 class=\"wp-block-heading\">Zusammenarbeit mit anderen F\u00e4chern:<\/h3>\n\n\n\n<ul class=\"wp-block-list\"><li>Physik (Simulationen)<\/li><li>Mathematik (Konstruktionsbeschreibungen)<\/li><li>Deutsch (Vorgangsbeschreibungen)<\/li><li>Wirtschaft (Modellbildung)<\/li><\/ul>\n\n\n\n<p>Stundentafel des Faches Informatik:<\/p>\n\n\n\n<p>Klasse 6 und 7: 1 Stunde im Rahmen des Faches Natur und Technik.<\/p>\n\n\n\n<h4 class=\"wp-block-heading\">Stundentafel Jahr 9 bis 12<\/h4>\n\n\n\n<table class=\"wp-block-table\"><thead><tr><th>Jahrgangsstufe<\/th><th>sprachlicher Zweig<\/th><th>naturwissenschaftlich-technologischer Zweig<\/th><\/tr><tr><td>9 <\/td><td><\/td><td> 2 Stunden <\/td><\/tr><tr><td>10 <\/td><td><\/td><td> 2 Stunden <\/td><\/tr><tr><td>11 <\/td><td> 2 Stunden <\/td><td> 3 Stunden <\/td><\/tr><tr><td> 12 <\/td><td><\/td><td> 3 Stunden <\/td><\/tr><\/thead><\/table>\n\n\n\n<p>Informatik ist kein Kernfach, d.h. es werden in den Jahrgangsstufen 6, 7, 9&nbsp; und 10 keine Schulaufgaben geschrieben.<\/p>\n\n\n\n<h3 class=\"wp-block-heading\">Inhalte des Faches Informatik:<\/h3>\n\n\n\n<p>nachzulesen auf der\u00a0<a href=\"http:\/\/www.isb.bayern.de\/isb\/index.aspx\">Homepage des ISB Bayern<\/a><\/p>\n\n\n\n<p>Lehrb\u00fccher Informatik am Thomas-Mann-Gymnasium<\/p>\n\n\n\n<table class=\"wp-block-table\"><tbody><tr><td><strong>Jahrgangsstufe<\/strong><\/td><td><strong>Titel<\/strong><\/td><td><strong>ISBN<\/strong><\/td><\/tr><tr><td>9<\/td><td>Informatik 2<\/td><td>978-3-12-731668-1<\/td><\/tr><tr><td>10<\/td><td>Informatik 3<\/td><td>978-3-12-731768-8<\/td><\/tr><tr><td>11<\/td><td>Informatik 4<\/td><td>978-3-12-731868-5<\/td><\/tr><tr><td>12<\/td><td>Informatik 5<\/td><td>978-3-12-731068-9<\/td><\/tr><\/tbody><\/table>\n\n\n\n<p><a href=\"http:\/\/www.isb-gym8-lehrplan.de\/contentserv\/3.1.neu\/g8.de\/index.php?StoryID=26193\">Lehrplan Informatik<\/a><\/p>\n","protected":false},"excerpt":{"rendered":"<p>Beitrag des Faches Informatik zur Pers\u00f6nlichkeitsbildung: Erlernen des Umgangs mit Informationen Kennenlernen von Ordnungsprinzipien, die zur Orientierung in einer komplexen vernetzten Welt beitragen F\u00f6rderung der Abstraktionsf\u00e4higkeit und des schnellen Erfassens logischer Zusammenh\u00e4nge F\u00f6rderung des Urteilsverm\u00f6gensjedes Modell stellt die Realit\u00e4t nur &hellip; <a href=\"https:\/\/tmg.m-bildung.de\/?page_id=799\">Weiterlesen <span class=\"meta-nav\">&rarr;<\/span><\/a><\/p>\n","protected":false},"author":1,"featured_media":0,"parent":0,"menu_order":0,"comment_status":"closed","ping_status":"closed","template":"sidebar-page.php","meta":{"footnotes":""},"class_list":["post-799","page","type-page","status-publish","hentry"],"_links":{"self":[{"href":"https:\/\/tmg.m-bildung.de\/index.php?rest_route=\/wp\/v2\/pages\/799","targetHints":{"allow":["GET"]}}],"collection":[{"href":"https:\/\/tmg.m-bildung.de\/index.php?rest_route=\/wp\/v2\/pages"}],"about":[{"href":"https:\/\/tmg.m-bildung.de\/index.php?rest_route=\/wp\/v2\/types\/page"}],"author":[{"embeddable":true,"href":"https:\/\/tmg.m-bildung.de\/index.php?rest_route=\/wp\/v2\/users\/1"}],"replies":[{"embeddable":true,"href":"https:\/\/tmg.m-bildung.de\/index.php?rest_route=%2Fwp%2Fv2%2Fcomments&post=799"}],"version-history":[{"count":0,"href":"https:\/\/tmg.m-bildung.de\/index.php?rest_route=\/wp\/v2\/pages\/799\/revisions"}],"wp:attachment":[{"href":"https:\/\/tmg.m-bildung.de\/index.php?rest_route=%2Fwp%2Fv2%2Fmedia&parent=799"}],"curies":[{"name":"wp","href":"https:\/\/api.w.org\/{rel}","templated":true}]}}