{"id":600,"date":"2019-01-05T11:25:20","date_gmt":"2019-01-05T10:25:20","guid":{"rendered":"http:\/\/www.tmg-musin.de\/?page_id=600"},"modified":"2019-01-05T11:25:20","modified_gmt":"2019-01-05T10:25:20","slug":"biologie","status":"publish","type":"page","link":"https:\/\/tmg.m-bildung.de\/?page_id=600","title":{"rendered":"Biologie"},"content":{"rendered":"\n<p><strong>Naturwissenschaften pr\u00e4gen unsere Gesellschaft vom Leben und bilden heute einen wesentlichen Teil unserer kulturellen Identit\u00e4t.<\/strong><\/p>\n<p><strong>Der Beitrag der Biologie zur Welterschlie\u00dfung liegt in der Auseinandersetzung mit dem Lebendigen. Biologische Erkenntnisse haben f\u00fcr die Medizin und in den Bereichen Ern\u00e4hrung, Gentechnik, Biotechnologie und Umwelt hohe gesellschaftliche Relevanz und gewinnen in der technischen Anwendung zunehmend wirtschaftliche Bedeutung.<\/strong><\/p>\n<p><strong>Projekte und Wahlkurse im Fach Biologie<\/strong><\/p>\n<ul>\n<li>\n<div><a href=\"https:\/\/tmg.m-bildung.de\/?page_id=3797&#038;preview=true\"><b>Unterricht mit fremdsprachlichen Elementen<\/b><\/a><\/div>\n<\/li>\n<li><strong>Suchtpr\u00e4vention\u00a0\u2013\u00a0<\/strong>Projekttag im Rahmen der Alltagskompetenzwoche der 8. Jahrgangsstufe<\/li>\n<li><strong>Nachhaltigkeit\u00a0\u2013\u00a0<\/strong>Projekttag auf dem Bauernhof im Rahmen der Alltagskompetenzwoche der 8. Jahrgangsstufe<\/li>\n<li><strong>Walchenseekraftwerk \u2013\u00a0<\/strong>Exkursion der 8. Jahrgangsstufe<\/li>\n<li><strong>\u201eDiversity@school\u201c <\/strong>\u2013 Diversit\u00e4tsprojekt in der 8. Jahrgangsstufe<\/li>\n<li><strong>\u201eSummer of Science\u201c \u2013<\/strong> Meeresbiologische Exkursion<\/li>\n<li><strong>Pr\u00e4paration von Schweineaugen und -herzen <\/strong>in der 8. und 9. Jahrgangsstufe<\/li>\n<li><strong>Wettbewerbe, wie z.B. Jugend forscht, Biologie Olympiade, u.v.m.<\/strong><\/li>\n<\/ul>\n<p>&nbsp;<\/p>\n<p>&nbsp;<\/p>\n","protected":false},"excerpt":{"rendered":"<p>Naturwissenschaften pr\u00e4gen unsere Gesellschaft vom Leben und bilden heute einen wesentlichen Teil unserer kulturellen Identit\u00e4t. Der Beitrag der Biologie zur Welterschlie\u00dfung liegt in der Auseinandersetzung mit dem Lebendigen. Biologische Erkenntnisse haben f\u00fcr die Medizin und in den Bereichen Ern\u00e4hrung, Gentechnik, &hellip; <a href=\"https:\/\/tmg.m-bildung.de\/?page_id=600\">Weiterlesen <span class=\"meta-nav\">&rarr;<\/span><\/a><\/p>\n","protected":false},"author":1,"featured_media":0,"parent":0,"menu_order":0,"comment_status":"closed","ping_status":"closed","template":"sidebar-page.php","meta":{"footnotes":""},"class_list":["post-600","page","type-page","status-publish","hentry"],"_links":{"self":[{"href":"https:\/\/tmg.m-bildung.de\/index.php?rest_route=\/wp\/v2\/pages\/600","targetHints":{"allow":["GET"]}}],"collection":[{"href":"https:\/\/tmg.m-bildung.de\/index.php?rest_route=\/wp\/v2\/pages"}],"about":[{"href":"https:\/\/tmg.m-bildung.de\/index.php?rest_route=\/wp\/v2\/types\/page"}],"author":[{"embeddable":true,"href":"https:\/\/tmg.m-bildung.de\/index.php?rest_route=\/wp\/v2\/users\/1"}],"replies":[{"embeddable":true,"href":"https:\/\/tmg.m-bildung.de\/index.php?rest_route=%2Fwp%2Fv2%2Fcomments&post=600"}],"version-history":[{"count":0,"href":"https:\/\/tmg.m-bildung.de\/index.php?rest_route=\/wp\/v2\/pages\/600\/revisions"}],"wp:attachment":[{"href":"https:\/\/tmg.m-bildung.de\/index.php?rest_route=%2Fwp%2Fv2%2Fmedia&parent=600"}],"curies":[{"name":"wp","href":"https:\/\/api.w.org\/{rel}","templated":true}]}}