{"id":3675,"date":"2022-12-20T10:17:34","date_gmt":"2022-12-20T09:17:34","guid":{"rendered":"https:\/\/tmg.musin.de\/?page_id=3675"},"modified":"2026-07-31T08:12:22","modified_gmt":"2026-07-31T08:12:22","slug":"auszeichnungen","status":"publish","type":"page","link":"https:\/\/tmg.m-bildung.de\/?page_id=3675","title":{"rendered":"BNE am TMG 2025\/2026"},"content":{"rendered":"\n<p class=\"wp-block-paragraph\">Das Thomas-Mann-Gymnasium tr\u00e4gt bereits seit 1999 den Titel <strong>\u201eUmweltschule in Europa\u201c<\/strong> und versteht Bildung f\u00fcr nachhaltige Entwicklung (BNE), im Sinne des \u201eWhole School Approach\u201c (die gesamte Schulfamilie ist beteiligt) als festen Bestandteil seiner Schulkultur. Orientiert an den Nachhaltigkeitszielen der Vereinten Nationen (SDGs) lernen unsere Sch\u00fcler*innen, Verantwortung zu \u00fcbernehmen und ihre Zukunft aktiv mitzugestalten. All diese hohen Anspr\u00fcche haben wir auch in diesem Jahr wieder vielf\u00e4ltig unter Beweis gestellt.<\/p>\n\n\n\n<p class=\"wp-block-paragraph\">Bereits ab der 5. Jahrgangsstufe werden Kinder in der <strong>Profilklasse BNE<\/strong> altersgerecht an Themen wie nachhaltiges Leben, Umweltschutz und globale Zusammenh\u00e4nge herangef\u00fchrt. Der Besuch der <strong>Aktionstage<\/strong> \u201eLeute machen Kleider\u201c und praktisches Engagement im Schulalltag, wie z.B. das Sammeln von Pfandflaschen f\u00fcr den guten Zweck geh\u00f6ren, neben weiteren, individuellen Aktionen, in der Stufe auch dazu.<\/p>\n\n\n\n<p class=\"wp-block-paragraph\">In der 6. Jahrgangsstufe sammeln die Sch\u00fcler*innen im \u201e<strong>\u00d6kolager<\/strong>\u201c unter anderem, wertvolle Naturerfahrungen.<\/p>\n\n\n\n<p class=\"wp-block-paragraph\">In den h\u00f6heren Jahrgangsstufen vertiefen zahlreiche Projekte und Aktionen den Blick auf globale Zusammenh\u00e4nge und gesellschaftliche Verantwortung. Dazu z\u00e4hlen unter anderem der j\u00e4hrlich stattfindendeWorkshop zum Thema <strong>Diversity<\/strong> in Jahrgangstufe 8, \u201e<strong>Schule drau\u00dfen<\/strong>\u201c sowie das Isar Clean-Up in Klasse 9 oder der <strong>Geo-Tag<\/strong> in Klasse 10.<\/p>\n\n\n\n<p class=\"wp-block-paragraph\">Auch das <strong>Kroatien-Projekt<\/strong>, das im Rahmen der UN-Dekade Biologische Vielfalt ausgezeichnet wurde, erm\u00f6glicht Sch\u00fcler*innen zwischen der 10 und 12 Klasse, mediterrane \u00d6kosysteme zu erforschen und in einen internationalen Austausch zu kommen.<\/p>\n\n\n\n<p class=\"wp-block-paragraph\">Selbst die Q13 war auf einer <strong>Exkursion<\/strong> in den Alpen, um das Konfliktverh\u00e4ltnis von Alm- und Forstwirtschaft in Bezug auf Tourismus zu erleben. Gelebte, regionale Bildung f\u00fcr nachhaltige Entwicklung von Klasse 5 bis 13!<\/p>\n\n\n\n<p class=\"wp-block-paragraph\">Der <strong>Schulgarten<\/strong> und die Arbeit mit unseren <strong>Heuschrecken<\/strong> erg\u00e4nzen diese Erfahrungen als Wahlkurs auf anschauliche und praxisnahe Weise. Die Schulwerkstatt, <strong>politisches Theater<\/strong>, ein <strong>P-Seminar<\/strong> \u201esoziales Engagement\u201c oder Abendvortr\u00e4ge zur demokratischen Bildung zeigen, wie vielf\u00e4ltig BNE am TMG gelebt wird.<\/p>\n\n\n\n<p class=\"wp-block-paragraph\">Die SMV bereicherte die nachhaltige Werteerziehung mit ihrer \u201e<strong>Politischen Woche<\/strong>\u201c oder einzelnen <strong>Aktionstagen<\/strong>, wie z.B. den Tag zum Thema &#8222;internationaler Tag: Gewalt gegen Frauen&#8220;.&nbsp; Mit dem neuen Titel \u201e<strong>Schule ohne Rassismus \u2013 Schule mit Courage<\/strong>\u201c setzt die SMV und somit das Thomas-Mann-Gymnasium zudem ein sichtbares Zeichen f\u00fcr Toleranz, Vielfalt und ein respektvolles Miteinander.<\/p>\n\n\n\n<p class=\"wp-block-paragraph\">So f\u00f6rdert Bildung f\u00fcr nachhaltige Entwicklung am Thomas-Mann-Gymnasium kritisches Denken, soziale Verantwortung und ein Bewusstsein f\u00fcr \u00f6kologische, gesellschaftliche und wirtschaftliche Zusammenh\u00e4nge.<\/p>\n\n\n\n<p class=\"wp-block-paragraph\"><strong>Danke f\u00fcr dieses vielf\u00e4ltige und zahlreiche Engagement!<\/strong><\/p>\n\n\n\n<p class=\"wp-block-paragraph\">Anna Ahrens (BNE- Beauftragte)<\/p>\n\n\n\n<figure class=\"wp-block-image size-large\"><img loading=\"lazy\" decoding=\"async\" width=\"1024\" height=\"664\" src=\"https:\/\/tmg.m-bildung.de\/wp-content\/uploads\/2026\/07\/Bild-2-1024x664.jpg\" alt=\"\" class=\"wp-image-5875\" srcset=\"https:\/\/tmg.m-bildung.de\/wp-content\/uploads\/2026\/07\/Bild-2-1024x664.jpg 1024w, https:\/\/tmg.m-bildung.de\/wp-content\/uploads\/2026\/07\/Bild-2-300x194.jpg 300w, https:\/\/tmg.m-bildung.de\/wp-content\/uploads\/2026\/07\/Bild-2-768x498.jpg 768w, https:\/\/tmg.m-bildung.de\/wp-content\/uploads\/2026\/07\/Bild-2-463x300.jpg 463w, https:\/\/tmg.m-bildung.de\/wp-content\/uploads\/2026\/07\/Bild-2.jpg 1390w\" sizes=\"auto, (max-width: 1024px) 100vw, 1024px\" \/><\/figure>\n","protected":false},"excerpt":{"rendered":"<p>Das Thomas-Mann-Gymnasium tr\u00e4gt bereits seit 1999 den Titel \u201eUmweltschule in Europa\u201c und versteht Bildung f\u00fcr nachhaltige Entwicklung (BNE), im Sinne des \u201eWhole School Approach\u201c (die gesamte Schulfamilie ist beteiligt) als festen Bestandteil seiner Schulkultur. Orientiert an den Nachhaltigkeitszielen der Vereinten &hellip; <a href=\"https:\/\/tmg.m-bildung.de\/?page_id=3675\">Weiterlesen <span class=\"meta-nav\">&rarr;<\/span><\/a><\/p>\n","protected":false},"author":1,"featured_media":0,"parent":0,"menu_order":0,"comment_status":"closed","ping_status":"closed","template":"sidebar-page.php","meta":{"footnotes":""},"class_list":["post-3675","page","type-page","status-publish","hentry"],"_links":{"self":[{"href":"https:\/\/tmg.m-bildung.de\/index.php?rest_route=\/wp\/v2\/pages\/3675","targetHints":{"allow":["GET"]}}],"collection":[{"href":"https:\/\/tmg.m-bildung.de\/index.php?rest_route=\/wp\/v2\/pages"}],"about":[{"href":"https:\/\/tmg.m-bildung.de\/index.php?rest_route=\/wp\/v2\/types\/page"}],"author":[{"embeddable":true,"href":"https:\/\/tmg.m-bildung.de\/index.php?rest_route=\/wp\/v2\/users\/1"}],"replies":[{"embeddable":true,"href":"https:\/\/tmg.m-bildung.de\/index.php?rest_route=%2Fwp%2Fv2%2Fcomments&post=3675"}],"version-history":[{"count":1,"href":"https:\/\/tmg.m-bildung.de\/index.php?rest_route=\/wp\/v2\/pages\/3675\/revisions"}],"predecessor-version":[{"id":5876,"href":"https:\/\/tmg.m-bildung.de\/index.php?rest_route=\/wp\/v2\/pages\/3675\/revisions\/5876"}],"wp:attachment":[{"href":"https:\/\/tmg.m-bildung.de\/index.php?rest_route=%2Fwp%2Fv2%2Fmedia&parent=3675"}],"curies":[{"name":"wp","href":"https:\/\/api.w.org\/{rel}","templated":true}]}}

<p class="wp-block-paragraph">Das Thomas-Mann-Gymnasium trägt bereits seit 1999 den Titel <strong>„Umweltschule in Europa“</strong> und versteht Bildung für nachhaltige Entwicklung (BNE), im Sinne des „Whole School Approach“ (die gesamte Schulfamilie ist beteiligt) als festen Bestandteil seiner Schulkultur. Orientiert an den Nachhaltigkeitszielen der Vereinten Nationen (SDGs) lernen unsere Schüler*innen, Verantwortung zu übernehmen und ihre Zukunft aktiv mitzugestalten. All diese hohen Ansprüche haben wir auch in diesem Jahr wieder vielfältig unter Beweis gestellt.</p>



<p class="wp-block-paragraph">Bereits ab der 5. Jahrgangsstufe werden Kinder in der <strong>Profilklasse BNE</strong> altersgerecht an Themen wie nachhaltiges Leben, Umweltschutz und globale Zusammenhänge herangeführt. Der Besuch der <strong>Aktionstage</strong> „Leute machen Kleider“ und praktisches Engagement im Schulalltag, wie z.B. das Sammeln von Pfandflaschen für den guten Zweck gehören, neben weiteren, individuellen Aktionen, in der Stufe auch dazu.</p>



<p class="wp-block-paragraph">In der 6. Jahrgangsstufe sammeln die Schüler*innen im „<strong>Ökolager</strong>“ unter anderem, wertvolle Naturerfahrungen.</p>



<p class="wp-block-paragraph">In den höheren Jahrgangsstufen vertiefen zahlreiche Projekte und Aktionen den Blick auf globale Zusammenhänge und gesellschaftliche Verantwortung. Dazu zählen unter anderem der jährlich stattfindendeWorkshop zum Thema <strong>Diversity</strong> in Jahrgangstufe 8, „<strong>Schule draußen</strong>“ sowie das Isar Clean-Up in Klasse 9 oder der <strong>Geo-Tag</strong> in Klasse 10.</p>



<p class="wp-block-paragraph">Auch das <strong>Kroatien-Projekt</strong>, das im Rahmen der UN-Dekade Biologische Vielfalt ausgezeichnet wurde, ermöglicht Schüler*innen zwischen der 10 und 12 Klasse, mediterrane Ökosysteme zu erforschen und in einen internationalen Austausch zu kommen.</p>



<p class="wp-block-paragraph">Selbst die Q13 war auf einer <strong>Exkursion</strong> in den Alpen, um das Konfliktverhältnis von Alm- und Forstwirtschaft in Bezug auf Tourismus zu erleben. Gelebte, regionale Bildung für nachhaltige Entwicklung von Klasse 5 bis 13!</p>



<p class="wp-block-paragraph">Der <strong>Schulgarten</strong> und die Arbeit mit unseren <strong>Heuschrecken</strong> ergänzen diese Erfahrungen als Wahlkurs auf anschauliche und praxisnahe Weise. Die Schulwerkstatt, <strong>politisches Theater</strong>, ein <strong>P-Seminar</strong> „soziales Engagement“ oder Abendvorträge zur demokratischen Bildung zeigen, wie vielfältig BNE am TMG gelebt wird.</p>



<p class="wp-block-paragraph">Die SMV bereicherte die nachhaltige Werteerziehung mit ihrer „<strong>Politischen Woche</strong>“ oder einzelnen <strong>Aktionstagen</strong>, wie z.B. den Tag zum Thema &#8222;internationaler Tag: Gewalt gegen Frauen&#8220;.&nbsp; Mit dem neuen Titel „<strong>Schule ohne Rassismus – Schule mit Courage</strong>“ setzt die SMV und somit das Thomas-Mann-Gymnasium zudem ein sichtbares Zeichen für Toleranz, Vielfalt und ein respektvolles Miteinander.</p>



<p class="wp-block-paragraph">So fördert Bildung für nachhaltige Entwicklung am Thomas-Mann-Gymnasium kritisches Denken, soziale Verantwortung und ein Bewusstsein für ökologische, gesellschaftliche und wirtschaftliche Zusammenhänge.</p>



<p class="wp-block-paragraph"><strong>Danke für dieses vielfältige und zahlreiche Engagement!</strong></p>



<p class="wp-block-paragraph">Anna Ahrens (BNE- Beauftragte)</p>



<figure class="wp-block-image size-large"><img loading="lazy" decoding="async" width="1024" height="664" src="https://tmg.m-bildung.de/wp-content/uploads/2026/07/Bild-2-1024x664.jpg" alt="" class="wp-image-5875" srcset="https://tmg.m-bildung.de/wp-content/uploads/2026/07/Bild-2-1024x664.jpg 1024w, https://tmg.m-bildung.de/wp-content/uploads/2026/07/Bild-2-300x194.jpg 300w, https://tmg.m-bildung.de/wp-content/uploads/2026/07/Bild-2-768x498.jpg 768w, https://tmg.m-bildung.de/wp-content/uploads/2026/07/Bild-2-463x300.jpg 463w, https://tmg.m-bildung.de/wp-content/uploads/2026/07/Bild-2.jpg 1390w" sizes="auto, (max-width: 1024px) 100vw, 1024px" /></figure>

<p>Das Thomas-Mann-Gymnasium trägt bereits seit 1999 den Titel „Umweltschule in Europa“ und versteht Bildung für nachhaltige Entwicklung (BNE), im Sinne des „Whole School Approach“ (die gesamte Schulfamilie ist beteiligt) als festen Bestandteil seiner Schulkultur. Orientiert an den Nachhaltigkeitszielen der Vereinten &hellip; <a href="https://tmg.m-bildung.de/?page_id=3675">Weiterlesen <span class="meta-nav">&rarr;</span></a></p>
