{"id":3669,"date":"2022-12-20T10:12:52","date_gmt":"2022-12-20T09:12:52","guid":{"rendered":"https:\/\/tmg.musin.de\/?page_id=3669"},"modified":"2026-07-31T17:32:29","modified_gmt":"2026-07-31T17:32:29","slug":"ausgewaehlte-projekte-am-tmg","status":"publish","type":"page","link":"https:\/\/tmg.m-bildung.de\/?page_id=3669","title":{"rendered":"Umweltschule in Europa"},"content":{"rendered":"\n<p class=\"wp-block-paragraph\">Das st\u00e4dt. Thomas-Mann-Gymnasium ist bereits seit 1999 Teil der Umweltschulen Europas und damit eine der \u00e4ltesten Umweltschulen Bayerns. Seit mehr als \u00fcber 25 Jahren engagiert sich die Schule in Sachen Umweltschutz und BNE mit verschiedensten Projekten. Somit wird das St\u00e4dt. Thomas-Mann-Gymnasium j\u00e4hrlich wiederkehrend ausgezeichnet und ist stolz darauf ein Teil des Netzwerks \u201eUmweltschulen Europas\u201c zu sein.<\/p>\n\n\n\n<p class=\"wp-block-paragraph\">Den Leits\u00e4tzen der UN (United Nations) und ihren 17 Nachhaltigkeitszielen (SDGs) folgend, konzentriert sich die \u201eUmweltschule TMG\u201c darauf Sch\u00fclerinnen und Sch\u00fcler zur aktiven Gestaltung einer \u00f6kologisch vertr\u00e4glichen, wirtschaftlich leistungsf\u00e4higen und sozial gerechten Umwelt unter Ber\u00fccksichtigung globaler Aspekte zu bef\u00e4higen.<\/p>\n\n\n\n<p class=\"wp-block-paragraph\">Unsere Sch\u00fclerinnen und Sch\u00fcler wie auch unsere gesamte Schulfamilie verstehen nachhaltige Entwicklung als andauernden und gesamtgesellschaftlichen Wandlungs- und Gestaltungsprozess, der es erm\u00f6glicht, die Lebensqualit\u00e4t der gegenw\u00e4rtigen Generation zu sichern und gleichzeitig die Wahlm\u00f6glichkeiten zuk\u00fcnftiger Generationen zur Gestaltung ihres Lebens zu erhalten.<\/p>\n\n\n\n<figure class=\"wp-block-image size-full\"><a href=\"https:\/\/www.lbv.de\/umweltbildung\/fuer-schulen\/umweltschule-in-europa\/\"><img loading=\"lazy\" decoding=\"async\" width=\"460\" height=\"452\" src=\"https:\/\/tmg.m-bildung.de\/wp-content\/uploads\/2026\/07\/Unbenannt.jpg\" alt=\"\" class=\"wp-image-5869\" srcset=\"https:\/\/tmg.m-bildung.de\/wp-content\/uploads\/2026\/07\/Unbenannt.jpg 460w, https:\/\/tmg.m-bildung.de\/wp-content\/uploads\/2026\/07\/Unbenannt-300x295.jpg 300w, https:\/\/tmg.m-bildung.de\/wp-content\/uploads\/2026\/07\/Unbenannt-305x300.jpg 305w\" sizes=\"auto, (max-width: 460px) 100vw, 460px\" \/><\/a><\/figure>\n","protected":false},"excerpt":{"rendered":"<p>Das st\u00e4dt. Thomas-Mann-Gymnasium ist bereits seit 1999 Teil der Umweltschulen Europas und damit eine der \u00e4ltesten Umweltschulen Bayerns. Seit mehr als \u00fcber 25 Jahren engagiert sich die Schule in Sachen Umweltschutz und BNE mit verschiedensten Projekten. Somit wird das St\u00e4dt. &hellip; <a href=\"https:\/\/tmg.m-bildung.de\/?page_id=3669\">Weiterlesen <span class=\"meta-nav\">&rarr;<\/span><\/a><\/p>\n","protected":false},"author":1,"featured_media":0,"parent":0,"menu_order":0,"comment_status":"closed","ping_status":"closed","template":"sidebar-page.php","meta":{"footnotes":""},"class_list":["post-3669","page","type-page","status-publish","hentry"],"_links":{"self":[{"href":"https:\/\/tmg.m-bildung.de\/index.php?rest_route=\/wp\/v2\/pages\/3669","targetHints":{"allow":["GET"]}}],"collection":[{"href":"https:\/\/tmg.m-bildung.de\/index.php?rest_route=\/wp\/v2\/pages"}],"about":[{"href":"https:\/\/tmg.m-bildung.de\/index.php?rest_route=\/wp\/v2\/types\/page"}],"author":[{"embeddable":true,"href":"https:\/\/tmg.m-bildung.de\/index.php?rest_route=\/wp\/v2\/users\/1"}],"replies":[{"embeddable":true,"href":"https:\/\/tmg.m-bildung.de\/index.php?rest_route=%2Fwp%2Fv2%2Fcomments&post=3669"}],"version-history":[{"count":2,"href":"https:\/\/tmg.m-bildung.de\/index.php?rest_route=\/wp\/v2\/pages\/3669\/revisions"}],"predecessor-version":[{"id":5877,"href":"https:\/\/tmg.m-bildung.de\/index.php?rest_route=\/wp\/v2\/pages\/3669\/revisions\/5877"}],"wp:attachment":[{"href":"https:\/\/tmg.m-bildung.de\/index.php?rest_route=%2Fwp%2Fv2%2Fmedia&parent=3669"}],"curies":[{"name":"wp","href":"https:\/\/api.w.org\/{rel}","templated":true}]}}

<p class="wp-block-paragraph">Das städt. Thomas-Mann-Gymnasium ist bereits seit 1999 Teil der Umweltschulen Europas und damit eine der ältesten Umweltschulen Bayerns. Seit mehr als über 25 Jahren engagiert sich die Schule in Sachen Umweltschutz und BNE mit verschiedensten Projekten. Somit wird das Städt. Thomas-Mann-Gymnasium jährlich wiederkehrend ausgezeichnet und ist stolz darauf ein Teil des Netzwerks „Umweltschulen Europas“ zu sein.</p>



<p class="wp-block-paragraph">Den Leitsätzen der UN (United Nations) und ihren 17 Nachhaltigkeitszielen (SDGs) folgend, konzentriert sich die „Umweltschule TMG“ darauf Schülerinnen und Schüler zur aktiven Gestaltung einer ökologisch verträglichen, wirtschaftlich leistungsfähigen und sozial gerechten Umwelt unter Berücksichtigung globaler Aspekte zu befähigen.</p>



<p class="wp-block-paragraph">Unsere Schülerinnen und Schüler wie auch unsere gesamte Schulfamilie verstehen nachhaltige Entwicklung als andauernden und gesamtgesellschaftlichen Wandlungs- und Gestaltungsprozess, der es ermöglicht, die Lebensqualität der gegenwärtigen Generation zu sichern und gleichzeitig die Wahlmöglichkeiten zukünftiger Generationen zur Gestaltung ihres Lebens zu erhalten.</p>



<figure class="wp-block-image size-full"><a href="https://www.lbv.de/umweltbildung/fuer-schulen/umweltschule-in-europa/"><img loading="lazy" decoding="async" width="460" height="452" src="https://tmg.m-bildung.de/wp-content/uploads/2026/07/Unbenannt.jpg" alt="" class="wp-image-5869" srcset="https://tmg.m-bildung.de/wp-content/uploads/2026/07/Unbenannt.jpg 460w, https://tmg.m-bildung.de/wp-content/uploads/2026/07/Unbenannt-300x295.jpg 300w, https://tmg.m-bildung.de/wp-content/uploads/2026/07/Unbenannt-305x300.jpg 305w" sizes="auto, (max-width: 460px) 100vw, 460px" /></a></figure>

<p>Das städt. Thomas-Mann-Gymnasium ist bereits seit 1999 Teil der Umweltschulen Europas und damit eine der ältesten Umweltschulen Bayerns. Seit mehr als über 25 Jahren engagiert sich die Schule in Sachen Umweltschutz und BNE mit verschiedensten Projekten. Somit wird das Städt. &hellip; <a href="https://tmg.m-bildung.de/?page_id=3669">Weiterlesen <span class="meta-nav">&rarr;</span></a></p>
