{"id":2632,"date":"2021-05-18T09:57:47","date_gmt":"2021-05-18T07:57:47","guid":{"rendered":"https:\/\/tmg.musin.de\/?page_id=2632"},"modified":"2026-01-13T17:10:48","modified_gmt":"2026-01-13T17:10:48","slug":"auslandsfahrten","status":"publish","type":"page","link":"https:\/\/tmg.m-bildung.de\/?page_id=2632","title":{"rendered":"Auslandsfahrten"},"content":{"rendered":"\n<p>Unseren Zehntkl\u00e4sslern bieten wir die M\u00f6glichkeit, die Fremdsprache hautnah zu erleben: Im j\u00e4hrlichen Wechsel fahren wir\u00a0nach\u00a0England bzw. in die USA.\u00a0Sowohl an der Cavendish School in\u00a0Bournemouth\u00a0(GB) als auch an\u00a0unserer\u00a0Partnerschule\u00a0in\u00a0Grand Haven, Michigan\u00a0(USA) haben unsere Sch\u00fclerInnen die Gelegenheit, durch die Gastfamilien und Austauschpartner\u00a0die englische Sprache nicht nur zu lernen, sondern auch zu leben.\u00a0<\/p>\n\n\n\n<figure class=\"wp-block-image size-large\"><img loading=\"lazy\" decoding=\"async\" width=\"1024\" height=\"576\" src=\"https:\/\/tmg.m-bildung.de\/wp-content\/uploads\/2026\/01\/AUSLANDSFAHRTEN-1024x576.jpg\" alt=\"\" class=\"wp-image-5597\" srcset=\"https:\/\/tmg.m-bildung.de\/wp-content\/uploads\/2026\/01\/AUSLANDSFAHRTEN-1024x576.jpg 1024w, https:\/\/tmg.m-bildung.de\/wp-content\/uploads\/2026\/01\/AUSLANDSFAHRTEN-300x169.jpg 300w, https:\/\/tmg.m-bildung.de\/wp-content\/uploads\/2026\/01\/AUSLANDSFAHRTEN-768x432.jpg 768w, https:\/\/tmg.m-bildung.de\/wp-content\/uploads\/2026\/01\/AUSLANDSFAHRTEN-1536x864.jpg 1536w, https:\/\/tmg.m-bildung.de\/wp-content\/uploads\/2026\/01\/AUSLANDSFAHRTEN-500x281.jpg 500w, https:\/\/tmg.m-bildung.de\/wp-content\/uploads\/2026\/01\/AUSLANDSFAHRTEN.jpg 2048w\" sizes=\"auto, (max-width: 1024px) 100vw, 1024px\" \/><\/figure>\n\n\n\n<figure class=\"wp-block-image size-large\"><img loading=\"lazy\" decoding=\"async\" width=\"1024\" height=\"590\" src=\"https:\/\/tmg.m-bildung.de\/wp-content\/uploads\/2026\/01\/AUSLANDSFAHRTEN2-1024x590.jpg\" alt=\"\" class=\"wp-image-5596\" srcset=\"https:\/\/tmg.m-bildung.de\/wp-content\/uploads\/2026\/01\/AUSLANDSFAHRTEN2-1024x590.jpg 1024w, https:\/\/tmg.m-bildung.de\/wp-content\/uploads\/2026\/01\/AUSLANDSFAHRTEN2-300x173.jpg 300w, https:\/\/tmg.m-bildung.de\/wp-content\/uploads\/2026\/01\/AUSLANDSFAHRTEN2-768x442.jpg 768w, https:\/\/tmg.m-bildung.de\/wp-content\/uploads\/2026\/01\/AUSLANDSFAHRTEN2-1536x884.jpg 1536w, https:\/\/tmg.m-bildung.de\/wp-content\/uploads\/2026\/01\/AUSLANDSFAHRTEN2-500x288.jpg 500w, https:\/\/tmg.m-bildung.de\/wp-content\/uploads\/2026\/01\/AUSLANDSFAHRTEN2.jpg 2048w\" sizes=\"auto, (max-width: 1024px) 100vw, 1024px\" \/><\/figure>\n\n\n\n<p><\/p>\n\n\n\n<p><\/p>\n","protected":false},"excerpt":{"rendered":"<p>Unseren Zehntkl\u00e4sslern bieten wir die M\u00f6glichkeit, die Fremdsprache hautnah zu erleben: Im j\u00e4hrlichen Wechsel fahren wir\u00a0nach\u00a0England bzw. in die USA.\u00a0Sowohl an der Cavendish School in\u00a0Bournemouth\u00a0(GB) als auch an\u00a0unserer\u00a0Partnerschule\u00a0in\u00a0Grand Haven, Michigan\u00a0(USA) haben unsere Sch\u00fclerInnen die Gelegenheit, durch die Gastfamilien und Austauschpartner\u00a0die &hellip; <a href=\"https:\/\/tmg.m-bildung.de\/?page_id=2632\">Weiterlesen <span class=\"meta-nav\">&rarr;<\/span><\/a><\/p>\n","protected":false},"author":1,"featured_media":0,"parent":0,"menu_order":0,"comment_status":"closed","ping_status":"closed","template":"sidebar-page.php","meta":{"footnotes":""},"class_list":["post-2632","page","type-page","status-publish","hentry"],"_links":{"self":[{"href":"https:\/\/tmg.m-bildung.de\/index.php?rest_route=\/wp\/v2\/pages\/2632","targetHints":{"allow":["GET"]}}],"collection":[{"href":"https:\/\/tmg.m-bildung.de\/index.php?rest_route=\/wp\/v2\/pages"}],"about":[{"href":"https:\/\/tmg.m-bildung.de\/index.php?rest_route=\/wp\/v2\/types\/page"}],"author":[{"embeddable":true,"href":"https:\/\/tmg.m-bildung.de\/index.php?rest_route=\/wp\/v2\/users\/1"}],"replies":[{"embeddable":true,"href":"https:\/\/tmg.m-bildung.de\/index.php?rest_route=%2Fwp%2Fv2%2Fcomments&post=2632"}],"version-history":[{"count":3,"href":"https:\/\/tmg.m-bildung.de\/index.php?rest_route=\/wp\/v2\/pages\/2632\/revisions"}],"predecessor-version":[{"id":5600,"href":"https:\/\/tmg.m-bildung.de\/index.php?rest_route=\/wp\/v2\/pages\/2632\/revisions\/5600"}],"wp:attachment":[{"href":"https:\/\/tmg.m-bildung.de\/index.php?rest_route=%2Fwp%2Fv2%2Fmedia&parent=2632"}],"curies":[{"name":"wp","href":"https:\/\/api.w.org\/{rel}","templated":true}]}}