{"id":2388,"date":"2021-02-03T09:48:17","date_gmt":"2021-02-03T08:48:17","guid":{"rendered":"https:\/\/tmg.musin.de\/?page_id=2388"},"modified":"2021-02-03T09:48:17","modified_gmt":"2021-02-03T08:48:17","slug":"kompetenzbereich-lesen-mit-texten-und-medien-umgehen","status":"publish","type":"page","link":"https:\/\/tmg.m-bildung.de\/?page_id=2388","title":{"rendered":"Kompetenzbereich \u201eLesen \u2013 mit Texten und Medien umgehen\u201c"},"content":{"rendered":"\n<p>Die\nF\u00f6rderung der Lesekompetenzen liegt uns am Thomas-Mann-Gymnasium\nbesonders am Herzen, um das erfolgreiche Lernen an unserer Schule,\ndas ja \u00fcberwiegend \u00fcber Texte erfolgt, in allen F\u00e4chern zu\nunterst\u00fctzen und die Studierf\u00e4higkeit der Sch\u00fcler\/-innen am Ende\nihrer gymnasialen Schullaufbahn sicherzustellen. Dabei liegt unserer\nArbeit ein erweiterter Textbegriff zugrunde: Zu den Texten werden\nsowohl \u201eklassische\u201c Lehrbuchtexte, journalistische oder\nwissenschaftliche Sachtexte, literarische Texte, aber auch sogenannte\ndiskontinuierliche Texte (z.B. Grafiken, Diagramme, Bilder, Tabellen,\nKarten) gerechnet. Ohne ausreichendes Verst\u00e4ndnis dieser sehr\nunterschiedlichen Textsorten ist eine gesellschaftliche Teilhabe nur\nsehr eingeschr\u00e4nkt m\u00f6glich. \n<\/p>\n\n\n\n<p>Ganz\nim Geiste unseres Namenspatrons liegt ein besonderes Augenmerk auf\ndem Lesen literarischer Texte: Die\nintensive Besch\u00e4ftigung mit Literatur tr\u00e4gt zur\nPers\u00f6nlichkeitsbildung und zum selbstst\u00e4ndigen Denken bei. Vor\nallem in den h\u00f6heren Jahrgangsstufen begegnen die Sch\u00fcler\/-innen\naltersgem\u00e4\u00df literarischen Epochen und Werken der Vergangenheit, sie\nsetzen sich jedoch auch immer h\u00e4ufiger mit Sachtexten auseinander,\ndie gesellschaftliche, sprachgeschichtliche und philosophische\nProblemstellungen thematisieren.\nEin\nbesonderes Anliegen des Faches ist es, die verantwortungsbewusste und\nreflektierende Auseinandersetzung mit elektronischen und sozialen\nMedien zu f\u00f6rdern und die Motivation zu selbstst\u00e4ndiger Lekt\u00fcre zu\nentwickeln.<\/p>\n\n\n\n<p> Im Fach Deutsch hat der Aufbau von Lesekompetenzen naturgem\u00e4\u00df ohnehin eine hohe Bedeutung, was sich u.a. in den <a href=\"https:\/\/tmg.m-bildung.de\/fachlehrplaene\/\">Fachlehrpl\u00e4nen<\/a> in einem eigenen Lernbereich widerspiegelt. Regelm\u00e4\u00dfig werden im Deutschunterricht <em>Klassenlekt\u00fcren<\/em> gelesen und besprochen. Wir f\u00fchlen uns auch dem k\u00fcrzlich am TMG entwickelten <em>Mediencurriculum<\/em> verpflichtet, das u.a. die Entwicklung der Lesef\u00e4higkeiten unterst\u00fctzen soll. Dar\u00fcber hinaus bieten wir zahlreiche weitere Ma\u00dfnahmen und Projekte zur <a href=\"https:\/\/tmg.m-bildung.de\/lesefoerderung-2\/\">Lesef\u00f6rderung<\/a> an. Von besonderer Bedeutung ist in diesem Zusammenhang unsere <a href=\"https:\/\/tmg.m-bildung.de\/bibliothek-3\/\">Schulbibliothek<\/a>, die den Sch\u00fcler\/-innen vielf\u00e4ltige Leseanreize bietet.  <\/p>\n","protected":false},"excerpt":{"rendered":"<p>Die F\u00f6rderung der Lesekompetenzen liegt uns am Thomas-Mann-Gymnasium besonders am Herzen, um das erfolgreiche Lernen an unserer Schule, das ja \u00fcberwiegend \u00fcber Texte erfolgt, in allen F\u00e4chern zu unterst\u00fctzen und die Studierf\u00e4higkeit der Sch\u00fcler\/-innen am Ende ihrer gymnasialen Schullaufbahn sicherzustellen. &hellip; <a href=\"https:\/\/tmg.m-bildung.de\/?page_id=2388\">Weiterlesen <span class=\"meta-nav\">&rarr;<\/span><\/a><\/p>\n","protected":false},"author":1,"featured_media":0,"parent":0,"menu_order":0,"comment_status":"closed","ping_status":"closed","template":"sidebar-page.php","meta":{"footnotes":""},"class_list":["post-2388","page","type-page","status-publish","hentry"],"_links":{"self":[{"href":"https:\/\/tmg.m-bildung.de\/index.php?rest_route=\/wp\/v2\/pages\/2388","targetHints":{"allow":["GET"]}}],"collection":[{"href":"https:\/\/tmg.m-bildung.de\/index.php?rest_route=\/wp\/v2\/pages"}],"about":[{"href":"https:\/\/tmg.m-bildung.de\/index.php?rest_route=\/wp\/v2\/types\/page"}],"author":[{"embeddable":true,"href":"https:\/\/tmg.m-bildung.de\/index.php?rest_route=\/wp\/v2\/users\/1"}],"replies":[{"embeddable":true,"href":"https:\/\/tmg.m-bildung.de\/index.php?rest_route=%2Fwp%2Fv2%2Fcomments&post=2388"}],"version-history":[{"count":0,"href":"https:\/\/tmg.m-bildung.de\/index.php?rest_route=\/wp\/v2\/pages\/2388\/revisions"}],"wp:attachment":[{"href":"https:\/\/tmg.m-bildung.de\/index.php?rest_route=%2Fwp%2Fv2%2Fmedia&parent=2388"}],"curies":[{"name":"wp","href":"https:\/\/api.w.org\/{rel}","templated":true}]}}