{"id":2357,"date":"2021-01-26T12:35:45","date_gmt":"2021-01-26T11:35:45","guid":{"rendered":"https:\/\/tmg.musin.de\/?page_id=2357"},"modified":"2026-01-13T16:33:17","modified_gmt":"2026-01-13T16:33:17","slug":"fachlehrplaene","status":"publish","type":"page","link":"https:\/\/tmg.m-bildung.de\/?page_id=2357","title":{"rendered":"Fachlehrpl\u00e4ne"},"content":{"rendered":"\n<p>Der Lehrplan f\u00fcr das Fach Deutsch bildet die verbindliche Grundlage f\u00fcr den Unterricht in den einzelnen Jahrgangsstufen. Ab dem Schuljahr 2024\/25 wird in allen Jahrgangsstufen nach dem neuen, kompetenzorientierten LehrplanPLUS unterrichtet. In der Jahrgangsstufe 12 gibt es die Option, einen Vertiefungskurs Deutsch zu belegen, f\u00fcr den ein eigenst\u00e4ndiger Lehrplan vorliegt. Informationen dazu finden Sie auf der Internetseite des Staatsinstituts f\u00fcr Schulqualit\u00e4t und Bildungsforschung (ISB) (s. <a href=\"https:\/\/tmg.m-bildung.de\/?page_id=2322\" data-type=\"page\" data-id=\"2322\">weiterf\u00fchrende Links<\/a>).<\/p>\n\n\n\n<p><\/p>\n","protected":false},"excerpt":{"rendered":"<p>Der Lehrplan f\u00fcr das Fach Deutsch bildet die verbindliche Grundlage f\u00fcr den Unterricht in den einzelnen Jahrgangsstufen. Ab dem Schuljahr 2024\/25 wird in allen Jahrgangsstufen nach dem neuen, kompetenzorientierten LehrplanPLUS unterrichtet. In der Jahrgangsstufe 12 gibt es die Option, einen &hellip; <a href=\"https:\/\/tmg.m-bildung.de\/?page_id=2357\">Weiterlesen <span class=\"meta-nav\">&rarr;<\/span><\/a><\/p>\n","protected":false},"author":1,"featured_media":0,"parent":0,"menu_order":0,"comment_status":"closed","ping_status":"closed","template":"sidebar-page.php","meta":{"footnotes":""},"class_list":["post-2357","page","type-page","status-publish","hentry"],"_links":{"self":[{"href":"https:\/\/tmg.m-bildung.de\/index.php?rest_route=\/wp\/v2\/pages\/2357","targetHints":{"allow":["GET"]}}],"collection":[{"href":"https:\/\/tmg.m-bildung.de\/index.php?rest_route=\/wp\/v2\/pages"}],"about":[{"href":"https:\/\/tmg.m-bildung.de\/index.php?rest_route=\/wp\/v2\/types\/page"}],"author":[{"embeddable":true,"href":"https:\/\/tmg.m-bildung.de\/index.php?rest_route=\/wp\/v2\/users\/1"}],"replies":[{"embeddable":true,"href":"https:\/\/tmg.m-bildung.de\/index.php?rest_route=%2Fwp%2Fv2%2Fcomments&post=2357"}],"version-history":[{"count":2,"href":"https:\/\/tmg.m-bildung.de\/index.php?rest_route=\/wp\/v2\/pages\/2357\/revisions"}],"predecessor-version":[{"id":5571,"href":"https:\/\/tmg.m-bildung.de\/index.php?rest_route=\/wp\/v2\/pages\/2357\/revisions\/5571"}],"wp:attachment":[{"href":"https:\/\/tmg.m-bildung.de\/index.php?rest_route=%2Fwp%2Fv2%2Fmedia&parent=2357"}],"curies":[{"name":"wp","href":"https:\/\/api.w.org\/{rel}","templated":true}]}}