{"id":2348,"date":"2021-01-26T12:26:56","date_gmt":"2021-01-26T11:26:56","guid":{"rendered":"https:\/\/tmg.musin.de\/?page_id=2348"},"modified":"2026-01-13T16:40:07","modified_gmt":"2026-01-13T16:40:07","slug":"kompetenzbereiche-mittlerer-schulabschluss","status":"publish","type":"page","link":"https:\/\/tmg.m-bildung.de\/?page_id=2348","title":{"rendered":"Kompetenzbereiche (Mittlerer Schulabschluss)"},"content":{"rendered":"\n<p>Die im weiteren Verlauf skizzierten Kompetenzbereiche beziehen sich auf die Bildungsstandards f\u00fcr den Mittleren Schulabschluss und lassen sich im Aufbau der <a href=\"https:\/\/tmg.m-bildung.de\/?page_id=2357\" data-type=\"page\" data-id=\"2357\">Fachlehrpl\u00e4ne<\/a> wiedererkennen. Sie beschreiben die Anforderungen, die leistungs-durchschnittliche Sch\u00fcler\/-innen am Ende der Jahrgangsstufe 10 erreicht haben sollten (Regelstandards), und k\u00f6nnen nur zusammen ganzheitlichen Sprachkompetenzen abbilden.<\/p>\n\n\n\n<ul class=\"wp-block-list\">\n<li><a href=\"https:\/\/tmg.m-bildung.de\/?page_id=2384\" data-type=\"page\" data-id=\"2384\">Sprechen und Zuh\u00f6ren<\/a> <\/li>\n\n\n\n<li><a href=\"https:\/\/tmg.m-bildung.de\/?page_id=2386\" data-type=\"page\" data-id=\"2386\">Schreiben <\/a><\/li>\n\n\n\n<li><a href=\"https:\/\/tmg.m-bildung.de\/?page_id=2388\" data-type=\"page\" data-id=\"2388\">Lesen \u2013 mit Texten und Medien umgehen<\/a> <\/li>\n\n\n\n<li><a href=\"https:\/\/tmg.m-bildung.de\/?page_id=2390\" data-type=\"page\" data-id=\"2390\">Sprache und Sprachgebrauch untersuchen <\/a><\/li>\n<\/ul>\n\n\n\n<p><\/p>\n","protected":false},"excerpt":{"rendered":"<p>Die im weiteren Verlauf skizzierten Kompetenzbereiche beziehen sich auf die Bildungsstandards f\u00fcr den Mittleren Schulabschluss und lassen sich im Aufbau der Fachlehrpl\u00e4ne wiedererkennen. Sie beschreiben die Anforderungen, die leistungs-durchschnittliche Sch\u00fcler\/-innen am Ende der Jahrgangsstufe 10 erreicht haben sollten (Regelstandards), und &hellip; <a href=\"https:\/\/tmg.m-bildung.de\/?page_id=2348\">Weiterlesen <span class=\"meta-nav\">&rarr;<\/span><\/a><\/p>\n","protected":false},"author":1,"featured_media":0,"parent":0,"menu_order":0,"comment_status":"closed","ping_status":"closed","template":"sidebar-page.php","meta":{"footnotes":""},"class_list":["post-2348","page","type-page","status-publish","hentry"],"_links":{"self":[{"href":"https:\/\/tmg.m-bildung.de\/index.php?rest_route=\/wp\/v2\/pages\/2348","targetHints":{"allow":["GET"]}}],"collection":[{"href":"https:\/\/tmg.m-bildung.de\/index.php?rest_route=\/wp\/v2\/pages"}],"about":[{"href":"https:\/\/tmg.m-bildung.de\/index.php?rest_route=\/wp\/v2\/types\/page"}],"author":[{"embeddable":true,"href":"https:\/\/tmg.m-bildung.de\/index.php?rest_route=\/wp\/v2\/users\/1"}],"replies":[{"embeddable":true,"href":"https:\/\/tmg.m-bildung.de\/index.php?rest_route=%2Fwp%2Fv2%2Fcomments&post=2348"}],"version-history":[{"count":2,"href":"https:\/\/tmg.m-bildung.de\/index.php?rest_route=\/wp\/v2\/pages\/2348\/revisions"}],"predecessor-version":[{"id":5576,"href":"https:\/\/tmg.m-bildung.de\/index.php?rest_route=\/wp\/v2\/pages\/2348\/revisions\/5576"}],"wp:attachment":[{"href":"https:\/\/tmg.m-bildung.de\/index.php?rest_route=%2Fwp%2Fv2%2Fmedia&parent=2348"}],"curies":[{"name":"wp","href":"https:\/\/api.w.org\/{rel}","templated":true}]}}