{"id":1782,"date":"2019-09-19T22:31:03","date_gmt":"2019-09-19T20:31:03","guid":{"rendered":"https:\/\/tmg.musin.de\/?page_id=1782"},"modified":"2019-09-19T22:31:03","modified_gmt":"2019-09-19T20:31:03","slug":"natur-und-technik","status":"publish","type":"page","link":"https:\/\/tmg.m-bildung.de\/?page_id=1782","title":{"rendered":"Natur und Technik"},"content":{"rendered":"\n<p><strong>Das Fach Natur und Technik legt eine Basis f\u00fcr eine naturwissenschaftliche, technische sowie informatische Grundbildung und leistet damit einen wesentlichen Beitrag zur Allgemeinbildung.<\/strong><\/p>\n<p><strong>F\u00fcr die Sch\u00fclerinnen und Sch\u00fcler schl\u00e4gt das Fach Natur und Technik eine Br\u00fccke vom Heimat- und Sachunterricht der Grundschule zum Fachunterricht der Naturwissenschaften und der Informatik in der Mittelstufe des Gymnasiums.<\/strong><\/p>\n<p><strong>Organisation der Stunden<\/strong><\/p>\n<p>In der 5. Klasse umfasst der Schwerpunkt Biologie zwei Wochenstunden, der Schwerpunkt Naturwissenschaftliches Arbeiten eine Wochenstunde. Hierbei erfolgt die Teilung der Klassen in zwei Arbeitsgruppen, damit auch tats\u00e4chlich praktisch gearbeitet werden kann. Experimente, die die Sch\u00fcler selbst durchf\u00fchren k\u00f6nnen, sind fester Bestandteil unseres Unterrichts.<\/p>\n<p>In der 6. Klasse wird der Schwerpunkt Biologie unterrichtet \u2013 2 Stunden pro Woche. Der einst\u00fcndige Informatikunterricht findet als Blockunterricht doppelst\u00fcndig in einem Halbjahr statt. Auch hier sind die Klassen geteilt.<\/p>\n<p>In der 7. Klasse wird der Schwerpunkt Physik unterrichtet -2 Stunden pro Woche. Der einst\u00fcndige Informatikunterricht findet als Blockunterricht doppelst\u00fcndig in einem Halbjahr statt. Auch hier sind die Klassen geteilt.<\/p>\n<table width=\"678\">\n<tbody>\n<tr>\n<td>\n<p><strong>5. Jahrgangsstufe<\/strong><\/p>\n<\/td>\n<td width=\"221\">\n<p>Biologie<\/p>\n<\/td>\n<td width=\"243\">\n<p>Naturwissenschaftliches Arbeiten<\/p>\n<\/td>\n<\/tr>\n<tr>\n<td>\n<p><strong>6. Jahrgangsstufe<\/strong>\u00a0<strong>\u00a0<\/strong><\/p>\n<\/td>\n<td width=\"221\">\n<p>Biologie<\/p>\n<\/td>\n<td width=\"243\">\n<p>Informatik<\/p>\n<\/td>\n<\/tr>\n<tr>\n<td>\n<p><strong>7. Jahrgangsstufe<\/strong>\u00a0<strong>\u00a0<\/strong><\/p>\n<\/td>\n<td width=\"221\">\n<p>Physik<\/p>\n<\/td>\n<td width=\"243\">\n<p>Informatik<\/p>\n<\/td>\n<\/tr>\n<\/tbody>\n<\/table>\n<p><strong>Biologie und Naturwissenschaftliche Arbeitsweisen<\/strong><\/p>\n<p><strong>In der Biologie dreht sich alles um den Menschen, die Wirbeltiere, Samenpflanzen sowie verschiedene \u00d6kosysteme. In den naturwissenschaftlichen Arbeitsweisen sollen diese praktisch erlernt und gefestigt werden, um sie in den anderen Naturwissenschaften fortan einsetzen zu k\u00f6nnen. <\/strong><\/p>\n<p><strong>Besondere Veranstaltungen und Projekte im Schwerpunkt Biologie und Naturwissenschaftliche Arbeitsweisen<\/strong><\/p>\n<ul>\n<li>Organisation des MFM-Tages im Rahmen der Sexualerziehung in der 5. Klasse<\/li>\n<li>Schullandheimaufenthalt mit \u00f6kologischem Schwerpunkt in Eichst\u00e4tt in der 6. Klasse<\/li>\n<\/ul>\n<p><strong>Informatik<\/strong><\/p>\n<p>Im Schwerpunkt Informatik dreht sich alles um das Erlernen des Umgangs mit Informationen, sowie das\u00a0 Kennenlernen von Ordnungsprinzipien, die zur Orientierung in einer komplexen vernetzten Welt beitragen. Erste kleine Programme werden programmiert.<\/p>\n<p><strong>Physik<\/strong><\/p>\n<p>Im Schwerpunkt Naturwissenschaftliches Arbeiten der Jahrgangsstufe 5 kennengelernte Arbeitsweisen werden hier f\u00fcr die Naturwissenschaft Physik weiterentwickelt. Inhaltlich dreht sich alles um Mechanik, Elektrizit\u00e4tslehre und Optik.<\/p>\n<p>&nbsp;<\/p>\n","protected":false},"excerpt":{"rendered":"<p>Das Fach Natur und Technik legt eine Basis f\u00fcr eine naturwissenschaftliche, technische sowie informatische Grundbildung und leistet damit einen wesentlichen Beitrag zur Allgemeinbildung. F\u00fcr die Sch\u00fclerinnen und Sch\u00fcler schl\u00e4gt das Fach Natur und Technik eine Br\u00fccke vom Heimat- und Sachunterricht &hellip; <a href=\"https:\/\/tmg.m-bildung.de\/?page_id=1782\">Weiterlesen <span class=\"meta-nav\">&rarr;<\/span><\/a><\/p>\n","protected":false},"author":1,"featured_media":0,"parent":0,"menu_order":0,"comment_status":"closed","ping_status":"closed","template":"sidebar-page.php","meta":{"footnotes":""},"class_list":["post-1782","page","type-page","status-publish","hentry"],"_links":{"self":[{"href":"https:\/\/tmg.m-bildung.de\/index.php?rest_route=\/wp\/v2\/pages\/1782","targetHints":{"allow":["GET"]}}],"collection":[{"href":"https:\/\/tmg.m-bildung.de\/index.php?rest_route=\/wp\/v2\/pages"}],"about":[{"href":"https:\/\/tmg.m-bildung.de\/index.php?rest_route=\/wp\/v2\/types\/page"}],"author":[{"embeddable":true,"href":"https:\/\/tmg.m-bildung.de\/index.php?rest_route=\/wp\/v2\/users\/1"}],"replies":[{"embeddable":true,"href":"https:\/\/tmg.m-bildung.de\/index.php?rest_route=%2Fwp%2Fv2%2Fcomments&post=1782"}],"version-history":[{"count":0,"href":"https:\/\/tmg.m-bildung.de\/index.php?rest_route=\/wp\/v2\/pages\/1782\/revisions"}],"wp:attachment":[{"href":"https:\/\/tmg.m-bildung.de\/index.php?rest_route=%2Fwp%2Fv2%2Fmedia&parent=1782"}],"curies":[{"name":"wp","href":"https:\/\/api.w.org\/{rel}","templated":true}]}}